030113?
11023030121
In base 3, what is 211112021 + -100001?
211012020
In base 9, what is 456 + -110060?
-108503
In base 10, what is -4 - 2978510?
-2978514
In base 5, what is -4031003 - -32?
-4030421
In base 4, what is 23321 - 23201000?
-23111013
In base 14, what is -1d6 + -18318?
-18510
In base 9, what is -4 + 50526358?
50526354
In base 14, what is 13 - 3b0bd7?
-3b0bc4
In base 11, what is 5 - 25282a1?
-2528297
In base 12, what is 18 - 195776?
-19575a
In base 2, what is 11001110 + 10110000100010?
10110011110000
In base 3, what is -122211221102201 - 2?
-122211221102210
In base 14, what is -ad - -7934?
7865
In base 2, what is 1110101000100000110 - 1000010101?
1110100111011110001
In base 12, what is -320 - -16730?
16410
In base 11, what is 33663291 + -4?
33663288
In base 9, what is 11 - 4311106?
-4311085
In base 15, what is -33cbae8 + -14?
-33cbb0c
In base 5, what is -22 + -34423002003?
-34423002030
In base 6, what is -12310410 + 23?
-12310343
In base 13, what is -29 - -c4150?
c4124
In base 9, what is -2 - 26414501?
-26414503
In base 6, what is 2 - 20453444?
-20453442
In base 2, what is 111100110111011 + 10010011010110?
1001111010010001
In base 10, what is -181447732 + 1?
-181447731
In base 15, what is 1be - 1889?
-16ba
In base 5, what is -232413 + 212413?
-20000
In base 7, what is 21 - -3535552?
3535603
In base 6, what is -4132544 - 4?
-4132552
In base 4, what is 12031133102213 + 3?
12031133102222
In base 2, what is 110111111001111001010 - -10?
110111111001111001100
In base 6, what is -420 + 1024522?
1024102
In base 7, what is -351643 + 22541?
-326102
In base 5, what is 4 - -221034141?
221034200
In base 12, what is 3 + -1799a2?
-17999b
In base 12, what is -1a975a042 - 1?
-1a975a043
In base 13, what is -59b - -10aaa?
1050c
In base 4, what is -2022013 - 13033?
-2101112
In base 11, what is 5 - -31972a16?
31972a20
In base 8, what is -60754430 + -3?
-60754433
In base 16, what is f - -18b3da?
18b3e9
In base 13, what is 55a9153 + -1?
55a9152
In base 6, what is -2144020 + -10210?
-2154230
In base 6, what is 252 + 41445124?
41445420
In base 7, what is -50222 - 306?
-50531
In base 10, what is -18069 + -878?
-18947
In base 13, what is -2a870325 - 1?
-2a870326
In base 13, what is 27 + -1223?
-11c9
In base 8, what is 277274 - 1211?
276063
In base 9, what is -5 + 24504248?
24504243
In base 2, what is 100 + 1011101101100100010001?
1011101101100100010101
In base 11, what is -124a2 + 5961?
-7641
In base 4, what is -11021000 - -101223?
-10313111
In base 3, what is -120110211 + -10102111?
-200220022
In base 11, what is 9767 + 4a1?
a158
In base 10, what is -216 - 126451?
-126667
In base 9, what is -6258574 + 2?
-6258572
In base 7, what is -1210066 + -2116?
-1212215
In base 11, what is -75936 + 10?
-75926
In base 12, what is -118 - -38038?
37b20
In base 11, what is 17063 - 2179?
14995
In base 13, what is 2 - -29b52004?
29b52006
In base 3, what is -1121222121 - 21010022?
-1220002220
In base 10, what is 9658 - 1648?
8010
In base 8, what is -36 + 1067725?
1067667
In base 16, what is -15ccbc73 + 4?
-15ccbc6f
In base 5, what is 334400423421 - 4?
334400423412
In base 8, what is 511656 - -2?
511660
In base 5, what is 320143330 - 2?
320143323
In base 14, what is -4 + 3d03c4?
3d03c0
In base 11, what is -43 - 105259?
-1052a1
In base 14, what is -513576 - -23?
-513553
In base 9, what is 1 - 638553841?
-638553840
In base 10, what is -49602 + 2297?
-47305
In base 10, what is 3 + 71936076?
71936079
In base 7, what is -103 - -1032040?
1031634
In base 6, what is -520302 - 200031?
-1120333
In base 12, what is 4405a198 - 1?
4405a197
In base 2, what is 1000100011011011011 - -10100?
1000100011011101111
In base 5, what is 102212 - -22122?
124334
In base 5, what is 44001 + -310331?
-211330
In base 10, what is -12413803 - -64?
-12413739
In base 16, what is 36396 - a9?
362ed
In base 11, what is 32 + -258a03?
-258981
In base 5, what is -400004 - 2102040?
-3002044
In base 11, what is -10a46 - -181?
-10875
In base 10, what is 27 - 2222383?
-2222356
In base 2, what is -11011 - -100010010000010?
100010001100111
In base 9, what is 1085 - 38420?
-37324
In base 8, what is 53144155 - -1?
53144156
In base 6, what is -324 + 2351254?
2350530
In base 7, what is 2023464 - -103?
2023600
In base 12, what is 3 - -1a145bb5?
1a145bb8
In base 16, what is 3e1 - -9c86?
a067
In base 15, what is -248908e6 - 3?
-248908e9
In base 12, what is -35262 + 22?
-35240
In base 11, what is 24065 - -26a?
24324
In base 13, what is 584 + -12034?
-11780
In base 13, what is -3493a + -41?
-3497b
In base 5, what is 1212100032 + 0?
1212100032
In base 6, what is 3114 + -1225321?
-1222203
In base 2, what is -111101110101 - -1001010010000001?
1000010100001100
In base 6, what is 21 - -202025503?
202025524
In base 4, what is -1 + -10222311122?
-10222311123
In base 16, what is -48070 + -121?
-48191
In base 7, what is -445 - -51255?
50510
In base 14, what is -1 + 368dc3?
368dc2
In base 4, what is -3001120333 + -1303?
-3001122302
In base 9, what is 83 + 570076?
570170
In base 6, what is -10020101 - 13?
-10020114
In base 10, what is 27 - 742761?
-742734
In base 11, what is 32330a6 - 0?
32330a6
In base 11, what is 28a65212 - 21?
28a651a1
In base 4, what is -1112110222 - 2?
-1112110230
In base 5, what is 343 + 31003413?
31004311
In base 2, what is -10001001111101000001111 - -1011010?
-10001001111100110110101
In base 7, what is 1014445 + -151?
1014264
In base 11, what is 11793796 + -15?
11793781
In base 5, what is 0 + -1222012244?
-1222012244
In base 12, what is -5 - -115ab7a?
115ab75
In base 13, what is -c096849 + -2?
-c09684b
In base 13, what is -31a38 + 9c3?
-31045
In base 9, what is 5 + 123454832?
123454837
In base 8, what is 3 + 41015455?
41015460
In base 7, what is -43506105 - 0?
-43506105
In base 12, what is -1 + 241a68?
241a67
In base 5, what is -2 - -22410222123?
22410222121
In base 14, what is 288d + 6?
2895
In base 10, what is 32254319 + -11?
32254308
In base 9, what is 111 - -252160?
252271
In base 11, what is -a08861 + 39?
-a08823
In base 5, what is -1344304 + -332?
-1400141
In base 11, what is -60 + 622a26?
622976
In base 10, what is -1044 + -19023?
-20067
In base 6, what is -2 - 4150021521?
-4150021523
In base 9, what is 11542578 - -4?
11542583
In base 15, what is -9d0b8dd - -b?
-9d0b8d2
In base 16, what is 447 + -a0f?
-5c8
In base 8, what is -236531 + -261?
-237012
In base 10, what is -71 + -2278199?
-2278270
In base 10, what is -15994511 + -57?
-15994568
In base 12, what is 33 + 865305?
865338
In base 7, what is 351430602 - 3?
351430566
In base 8, what is -17 - 24710405?
-24710424
In base 3, what is 110121222212 - -111?
110122000100
In base 3, what is 11112 + -212010111?
-211221222
In base 15, what is 1385bad0 - 3?
1385bacc
In base 6, what is 244522150 + -1?
244522145
In base 5, what is -324243202 + -24?
-324243231
In base 16, what is 38aa + c563?
fe0d
In base 14, what is b887cc + 4?
b887d2
In base 8, what is 7 - -1143127?
1143136
In base 4, what is -11002230332 - -2?
-11002230330
In base 15, what is 3 - 370328b?
-3703288
In base 12, what is -7724 + -1a7?
-790b
In base 2, what is 1101101100001 - -100001111111?
10001111100000
In base 10, what is -7 - 1659575?
-1659582
In base 13, what is 16 - 595630?
-595617
In base 4, what is 133223201233 + -1?
133223201232
In base 15, what is -5 + -3c269b?
-3c26a1
In base 9, what is 821 - -388315?
400236
In base 16, what is 72 - -1b7965?
1b79d7
In base 4, what is 1001221132030 - 12?
1001221132012
In base 4, what is -1001023 + -1003212?
-2010301
In base 12, what is -79 + -17590a?
-175987
In base 12, what is -22587 - 269a?
-25065
In base 11, what is -15a931 - 7?
-15a938
In base 7, what is 2432 - -10112634?
10115366
In base 7, what is -26510115 + -312?
-26510430
In base 7, what is 12336134 - 35?
12336066
In base 6, what is -112041411534 + -2?
-112041411540
In base 12, what is -5 + -18183870?
-18183875
In base 14, what is 206649 - 4?
206645
In base 11, what is -2461a - -106?
-24514
In base 7, what is 3 + -34401065?
-34401062
In base 4, what is 313311221 - 111?
313311110
In base 7, what is -1 - 2442322333?
-2442322334
In base 10, what is 8105489 + -43?
8105446
In base 16, what is 6b + 3650d?
36578
In base 9, what is 102030064 + 1?
102030065
In base 7, what is -2 - -1014541566?
1014541564
In ba